ber?
True
Is 25345052107 a composite number?
False
Is 1103663124529 prime?
False
Is 866809347 a prime number?
False
Is 59151922177 a prime number?
True
Is 18281531869 composite?
False
Is 6492580631 prime?
True
Is 2550092117 a composite number?
True
Is 3542954957 prime?
True
Is 11591049457 a prime number?
False
Is 3013912463 a composite number?
True
Is 330133812061 a prime number?
True
Is 654800213 a composite number?
True
Is 9207483497 prime?
False
Is 1067738803 a prime number?
False
Is 46221937217 prime?
True
Is 531660631 a composite number?
False
Is 3706966321 prime?
False
Is 138428659945 a prime number?
False
Is 30254813651 a composite number?
False
Is 1701913621 a prime number?
True
Is 43277511313 prime?
True
Is 231528959 composite?
False
Is 7505515295 prime?
False
Is 307182487 a composite number?
False
Is 38460841673 prime?
True
Is 1853242261 a prime number?
False
Is 110694355 a composite number?
True
Is 125923990121 a composite number?
False
Is 5296914323 prime?
True
Is 267437809 a prime number?
False
Is 4662326567 composite?
False
Is 38919905599 a composite number?
False
Is 165636137 a prime number?
True
Is 12453400339 a prime number?
True
Is 97357105 a composite number?
True
Is 72327169 prime?
True
Is 9974663401 a prime number?
True
Is 767070223 prime?
False
Is 2540978259 a prime number?
False
Is 420534407 a prime number?
False
Is 2503059281 a prime number?
False
Is 218562293 a prime number?
False
Is 1164581183 a prime number?
True
Is 1422286049 a prime number?
False
Is 3703942085 composite?
True
Is 2827378319 a composite number?
False
Is 316769641 prime?
True
Is 22449207563 a composite number?
False
Is 2694915931 a prime number?
True
Is 1154401477 prime?
False
Is 99790541 prime?
False
Is 284573827 a prime number?
False
Is 4026303751 prime?
True
Is 88072843 a prime number?
True
Is 120221143013 a prime number?
True
Is 195844037 a composite number?
True
Is 17687849419 a composite number?
False
Is 11828099 prime?
False
Is 4036115101 prime?
True
Is 5311369073 a prime number?
False
Is 1507118021 a composite number?
False
Is 1416095377 a prime number?
True
Is 8287044641 prime?
True
Is 12150077179 a prime number?
True
Is 151029677 a prime number?
True
Is 841855901 a prime number?
False
Is 1426129553 a composite number?
True
Is 2872543 a prime number?
True
Is 10015132403 a composite number?
False
Is 875518583989 a prime number?
False
Is 28961252687 composite?
False
Is 19301694371 prime?
True
Is 21633413 a composite number?
False
Is 15242411143 prime?
False
Is 932849629 a composite number?
False
Is 804610579 composite?
True
Is 4003935437 prime?
True
Is 2253249079 a composite number?
False
Is 1614017102 prime?
False
Is 102143359613 a prime number?
True
Is 30353055333 composite?
True
Is 17640416723 composite?
False
Is 295434947 composite?
False
Is 16034528819 a composite number?
True
Is 2841807327 prime?
False
Is 480781003 a prime number?
True
Is 24163973413 prime?
True
Is 1358643289 a prime number?
True
Is 614135069 a composite number?
False
Is 3858264353 a composite number?
False
Is 32531581309 composite?
False
Is 7896875191 a prime number?
True
Is 435259229 a composite number?
False
Is 13728402983 composite?
True
Is 389132083 a composite number?
False
Is 153922063241 a composite number?
False
Is 9968722993 composite?
True
Is 761805841 a composite number?
True
Is 370760203 composite?
True
Is 8403091909 a prime number?
True
Is 803338589 a prime number?
True
Is 1572406097 composite?
False
Is 1941512417 a prime number?
False
Is 1214556307 prime?
False
Is 1228137535 prime?
False
Is 3472540363 composite?
False
Is 37495414919 composite?
True
Is 318540899 prime?
True
Is 88542683 prime?
False
Is 7260747127 a prime number?
True
Is 29313145901 composite?
True
Is 18811151059 a composite number?
True
Is 911418929 composite?
True
Is 2518290659 prime?
False
Is 374100193 prime?
True
Is 667394537 a composite number?
True
Is 353911109 a prime number?
True
Is 18599589779 prime?
True
Is 163641145 prime?
False
Is 4451659937 prime?
True
Is 420531641 prime?
False
Is 1746528587 composite?
True
Is 220269817 a prime number?
False
Is 24437739697 prime?
False
Is 416674529 prime?
True
Is 221798588981 composite?
True
Is 690430369 a prime number?
False
Is 6562153271 composite?
True
Is 169247951 composite?
False
Is 39248285473 composite?
True
Is 14293878433 a composite number?
False
Is 272184066139 a composite number?
False
Is 1097728627 prime?
True
Is 16201663087 a composite number?
False
Is 2401414957 a prime number?
True
Is 1684360567 a composite number?
True
Is 3849680501 composite?
False
Is 1748139805 a composite number?
True
Is 262156379 a prime number?
True
Is 6802204121 prime?
True
Is 41909580301 a prime number?
True
Is 4095233221 a composite number?
False
Is 13728182327 composite?
True
Is 10885603669 a prime number?
True
Is 29451042161 composite?
False
Is 1650014083 a composite number?
False
Is 293279940341 a composite number?
True
Is 617362699 composite?
True
Is 398869859 a prime number?
True
Is 322850386 prime?
False
Is 5511526003 composite?
False
Is 5186907091 a prime number?
True
Is 1276465439 a prime number?
True
Is 748158533 composite?
True
Is 960495871 a composite number?
False
Is 1207472879 composite?
True
Is 286257691 composite?
False
Is 5787308573 a composite number?
True
Is 5766316421 a prime number?
True
Is 25924947599 composite?
False
Is 9806018899 a composite number?
False
Is 103365467453 prime?
True
Is 209365001 composite?
False
Is 17875559861 a prime number?
False
Is 5558777383 composite?
False
Is 790050619 a composite number?
False
Is 678991483 prime?
True
Is 8522654599 a prime number?
True
Is 668803763 a composite number?
True
Is 24122698651 composite?
True
Is 483314321 composite?
True
Is 21922727537 a prime number?
True
Is 31864836533 composite?
True
Is 490513559 prime?
True
Is 797372369 a prime number?
False
Is 35247404833 composite?
True
Is 8109130901 composite?
True
Is 2619370109 prime?
True
Is 1991295499 a prime number?
False
Is 204225919 composite?
False
Is 2215062511 composite?
False
Is 45603766661 composite?
False
Is 6745801 a prime number?
True
Is 57047156801 a composite number?
False
Is 21887840245 composite?
True
Is 107715302141 composite?
True
Is 882463957 composite?
False
Is 8252118157 prime?
False
Is 14483257073 a prime number?
False
Is 17183494609 composite?
False
Is 11550215503 a prime number?
True
Is 8445346211 a prime number?
False
Is 2038236197 prime?
True
Is 8067379447 composite?
False
Is 21127307381 prime?
False
Is 26383485539 prime?
False
Is 2543529827 a composite number?
False
Is 1148766127 a composite number?
False
Is 35588146397 a prime number?
True
Is 119869379 composite?
True
Is 275207111 a prime number?
False
Is 34312301141 a prime number?
False
Is 11209056491 prime?
True
Is 57596783 prime?
False
Is 19766841827 composite?
False
Is 5279179657 composite?
False
Is 9312732391 a composite number?
True
Is 2720911101 prime?
False
Is 157058835301 prime?
False
Is 17704340887 a prime number?
False
Is 14629000511 a composite number?
True
Is 3679437937 composite?
True
Is 20057383201 a composite number?
False
Is 1273877893 a composite number?
False
Is 1727646737 a composite number?
True
Is 197268349 a prime number?
False
Is 398745663941 a prime number?
True
Is 177183001 a composite number?
False
Is 5228274907 composite?
False
Is 1797822941 composite?
True
Is 6032636309 prime?
False
Is 37741977143 composite?
True
Is 116543017687 prime?
False
Is 45921589493 prime?
False
Is 1449645257 composite?
False
Is 654168839 a composite number?
False
Is 195333157 composite?
True
Is 100408493 prime?
True
Is 6270626969 a prime number?
True
Is 9915672529 composite?
True
Is 6008102483 prime?
False
Is 83305762 prime?
False
Is 11236245827 prime?
False
Is 1637900273 a composite number?
False
Is 905990191 a prime number?
True
Is 4409644871 a prime number?
True
Is 90043997 composite?
True
Is 4539760157 a composite number?
True
Is 12209964617 composite?
True
Is 36697905151 a composite number?
True
Is 93525976657 composite?
True
Is 26810419501 a composite number?
True
Is 194559641 a composite number?
False
Is 841524865 prime?
False
Is 79139048861 a composite number?
True
Is 1832210971 composite?
True
Is 625587197 a composite number?
False
Is 11936704765